{"id":5535,"date":"2025-01-01T00:01:16","date_gmt":"2025-01-01T00:01:16","guid":{"rendered":"https:\/\/www.pvl-vzw.be\/?post_type=projecten&#038;p=5535"},"modified":"2026-04-03T12:31:12","modified_gmt":"2026-04-03T12:31:12","slug":"probleemonkruiden-een-gezamenlijke-aanpak","status":"publish","type":"projecten","link":"https:\/\/www.pvl-vzw.be\/fr\/projecten\/probleemonkruiden-een-gezamenlijke-aanpak\/","title":{"rendered":"Les mauvaises herbes, une approche collaborative"},"content":{"rendered":"<div data-elementor-type=\"wp-post\" data-elementor-id=\"5535\" class=\"elementor elementor-5535\" data-elementor-post-type=\"projecten\">\n\t\t\t\t<div class=\"elementor-element elementor-element-38dc9df e-flex e-con-boxed e-con e-parent\" data-id=\"38dc9df\" data-element_type=\"container\" data-e-type=\"container\">\n\t\t\t\t\t<div class=\"e-con-inner\">\n\t\t\t\t<div class=\"elementor-element elementor-element-c8dd2da elementor-widget elementor-widget-text-editor\" data-id=\"c8dd2da\" data-element_type=\"widget\" data-e-type=\"widget\" data-widget_type=\"text-editor.default\">\n\t\t\t\t<div class=\"elementor-widget-container\">\n\t\t\t\t\t\t\t\t\t<p>La campagne est d\u00e9crite comme une \"zone rurale\" ou une zone o\u00f9 alternent villages, champs, terres arables, prairies et nature. Ce qui rend la campagne unique, c'est sa biodiversit\u00e9, qui est nettement moins pr\u00e9sente dans les zones urbanis\u00e9es. Cette biodiversit\u00e9 est extr\u00eamement importante pour notre environnement, l'agriculture et l'exp\u00e9rience rurale. Dans ce contexte, les mauvaises herbes deviennent un probl\u00e8me de plus en plus difficile \u00e0 r\u00e9soudre. Les mauvaises herbes typiques telles que le knolcyperus, le pommier \u00e9pineux, la renou\u00e9e du Japon, la berce du Caucase et la berce du Caucase d\u00e9passent souvent les autres plantes indig\u00e8nes ou sont m\u00eame toxiques et repr\u00e9sentent un danger direct pour l'homme et l'animal.<\/p>\n<p>Malgr\u00e9 la grande influence qu'elles peuvent avoir, il y a encore beaucoup d'ignorance et souvent un manque de connaissances pour faire la distinction entre les plantes qui ne posent pas de probl\u00e8me et celles dont le contr\u00f4le est hautement n\u00e9cessaire. Le fait que l'\u00e9limination de certaines plantes n\u00e9cessite \u00e9galement une protection personnelle suppl\u00e9mentaire est \u00e9galement m\u00e9connu.<\/p>\n<p>La lutte elle-m\u00eame n'est pas toujours \u00e9vidente. Les efforts n\u00e9cessaires pour contenir davantage les probl\u00e8mes futurs sont \u00e9normes et requi\u00e8rent la coop\u00e9ration de tous ceux qui participent \u00e0 la vie des zones rurales. Cependant, la mani\u00e8re dont le probl\u00e8me est abord\u00e9 sera diff\u00e9rente (manuelle\/machine, avec ou sans produits phytopharmaceutiques, ...).<br>Avec ce projet, nous voulons prendre une initiative importante et faire un maximum d'efforts pour que, collectivement, ces mauvaises herbes probl\u00e9matiques restent g\u00e9rables. Par cons\u00e9quent, en mettant en place une campagne destin\u00e9e \u00e0 trois groupes cibles diff\u00e9rents, l'objectif est d'accro\u00eetre les connaissances et de sensibiliser aux dangers afin de mettre en place des actions sur le terrain.<\/p>\n<p>Un premier groupe cible est constitu\u00e9 par les particuliers qui ne sont pas toujours conscients du probl\u00e8me mais qui font souvent preuve d'un grand engagement en faveur de la biodiversit\u00e9 (p. ex. prairie fleurie, ne pas faucher le mois de mai, ...). En les sensibilisant aux mauvaises herbes probl\u00e9matiques et en les mobilisant pour qu'ils les \u00e9liminent correctement de leur jardin, nous tentons d\u00e9j\u00e0 de prendre des mesures importantes pour emp\u00eacher risico\udbc0\udf5bs de se propager.<\/p>\n<p>Le deuxi\u00e8me groupe cible comprend les services verts, les entreprises horticoles et les organisations de protection de la nature. Il s'agit d'acteurs importants qui contribuent \u00e0 fa\u00e7onner notre paysage. Ils travaillent dans toute la r\u00e9gion et entretiennent de plus grandes surfaces que les particuliers. Avec de l'expertise, ils peuvent donc faire une r\u00e9elle diff\u00e9rence. L'objectif principal de ce groupe cible est de les alerter sur les cons\u00e9quences des mauvaises herbes probl\u00e9matiques et d'obtenir un contr\u00f4le cibl\u00e9.<br>En outre, l'attention port\u00e9e \u00e0 la protection personnelle n'est certainement pas n\u00e9gligeable.<\/p>\n<p>Le troisi\u00e8me groupe cible est celui des agriculteurs. Leurs activit\u00e9s dans les champs ont pour but d'\u00eatre et de rester \u00e9conomiquement rentables. Naturellement, une bonne qualit\u00e9 du sol et un minimum de facteurs r\u00e9duisant le rendement jouent un r\u00f4le important \u00e0 cet \u00e9gard. L'un de ces facteurs est<br>(probl\u00e8me) qui non seulement affectent le rendement mais peuvent aussi avoir un impact sur la sant\u00e9 du b\u00e9tail. En outre, le gouvernement a d\u00e9crit les conditions concernant&nbsp;<span style=\"text-align: var(--text-align);\">certaines mauvaises herbes \u00e0 probl\u00e8me (par exemple, interdiction des cultures de tubercules et de bulbes en cas d'infection par le virus de l'h\u00e9patite C)&nbsp;<\/span><span style=\"font-style: inherit; font-weight: inherit; text-align: var(--text-align);\">tuber cyperus) et aussi certains acheteurs (par exemple pour les l\u00e9gumes) imposent des exigences \u00e0 la parcelle qui font que le produit n'est pas disponible pour la vente.&nbsp;<\/span><span style=\"font-style: inherit; font-weight: inherit; text-align: var(--text-align);\">la pr\u00e9sence de certaines mauvaises herbes probl\u00e9matiques peut entra\u00eener l'annulation de la culture.<br><\/span><span style=\"font-style: inherit; font-weight: inherit; text-align: var(--text-align);\">Ainsi, le nombre de cultures pouvant \u00eatre incluses dans une rotation de cultures diminuera \u00e9galement.&nbsp;<\/span><span style=\"font-style: inherit; font-weight: inherit; text-align: var(--text-align);\">entra\u00eene une diminution de la biodiversit\u00e9.<br><\/span><span style=\"font-style: inherit; font-weight: inherit; text-align: var(--text-align);\">Les travaux intensifs du sol et la dispersion des parcelles dans une exploitation agricole&nbsp;<\/span><span style=\"font-style: inherit; font-weight: inherit; text-align: var(--text-align);\">augmente toutefois de mani\u00e8re significative la probabilit\u00e9 de propagation. Plus pr\u00e9cis\u00e9ment, pour Haspengouw, le Sud-Est est le suivant&nbsp;<\/span><span style=\"font-style: inherit; font-weight: inherit; text-align: var(--text-align);\">knolcyperus une adventice qui n\u00e9cessite d'urgence plus d'attention et donc des moyens suppl\u00e9mentaires.&nbsp;<\/span><span style=\"font-style: inherit; font-weight: inherit; text-align: var(--text-align);\">mis en exergue. Nous nous effor\u00e7ons donc d'\u00e9viter la propagation, d'am\u00e9liorer la qualit\u00e9 de l'air et de r\u00e9duire les \u00e9missions de gaz \u00e0 effet de serre.&nbsp;<\/span><span style=\"font-style: inherit; font-weight: inherit; text-align: var(--text-align);\">inventaire des probl\u00e8mes au niveau de la parcelle et une&nbsp;<\/span><span style=\"font-style: inherit; font-weight: inherit; text-align: var(--text-align);\">Suppression\/contr\u00f4le du cyperus tuber dans les champs.<\/span><\/p>\n<p><span style=\"font-style: inherit; font-weight: inherit; text-align: var(--text-align);\">Souvent, la zone o\u00f9 le probl\u00e8me d'une (ou de plusieurs) mauvaise(s) herbe(s) semble se situer est la suivante&nbsp;<\/span><span style=\"font-style: inherit; font-weight: inherit; text-align: var(--text-align);\">se manifeste de mani\u00e8re si importante qu'il est impossible de l'inventorier \u00e0 l'\u0153il nu. C'est le cas dans les&nbsp;<\/span><span style=\"font-style: inherit; font-weight: inherit; text-align: var(--text-align);\">En particulier pour les zones o\u00f9 les agriculteurs, les services verts, les entreprises horticoles et les entreprises d'\u00e9levage sont pr\u00e9sents.&nbsp;<\/span><span style=\"font-style: inherit; font-weight: inherit; text-align: var(--text-align);\">Les organisations de protection de la nature sont actives. Nous aimerions leur pr\u00e9senter les possibilit\u00e9s offertes par&nbsp;<\/span><span style=\"font-style: inherit; font-weight: inherit; text-align: var(--text-align);\">de la technologie des drones. En plus d'\u00e9valuer rapidement une grande zone, il peut ,&nbsp;<\/span><span style=\"font-style: inherit; font-weight: inherit; text-align: var(--text-align);\">apr\u00e8s traitement des images, une carte indiquant les zones \u00e0 probl\u00e8mes peut \u00eatre obtenue. Cela permet de&nbsp;<\/span><span style=\"font-style: inherit; font-weight: inherit; text-align: var(--text-align);\">permettent de travailler de mani\u00e8re tr\u00e8s cibl\u00e9e selon la \"meilleure technique disponible\".&nbsp;<\/span><span style=\"font-style: inherit; font-weight: inherit; text-align: var(--text-align);\">techniques de contr\u00f4le courantes (par exemple, les produits phytosanitaires) en tant qu'innovation.&nbsp;<\/span><span style=\"font-style: inherit; font-weight: inherit; text-align: var(--text-align);\">(par exemple, le vapotage), une carte des t\u00e2ches sp\u00e9cifiques au site est fournie avec les coordonn\u00e9es GPS.&nbsp;<\/span><span style=\"font-style: inherit; font-weight: inherit; text-align: var(--text-align);\">qui minimise son impact sur l'environnement.<\/span><\/p>\t\t\t\t\t\t\t\t<\/div>\n\t\t\t\t<\/div>\n\t\t\t\t\t<\/div>\n\t\t\t\t<\/div>\n\t\t\t\t<\/div>","protected":false},"featured_media":5536,"template":"","meta":{"_acf_changed":false,"site-sidebar-layout":"no-sidebar","site-content-layout":"page-builder","ast-site-content-layout":"full-width-container","site-content-style":"default","site-sidebar-style":"default","ast-global-header-display":"","ast-banner-title-visibility":"","ast-main-header-display":"","ast-hfb-above-header-display":"","ast-hfb-below-header-display":"","ast-hfb-mobile-header-display":"","site-post-title":"disabled","ast-breadcrumbs-content":"","ast-featured-img":"disabled","footer-sml-layout":"","ast-disable-related-posts":"","theme-transparent-header-meta":"default","adv-header-id-meta":"","stick-header-meta":"","header-above-stick-meta":"","header-main-stick-meta":"","header-below-stick-meta":"","astra-migrate-meta-layouts":"set","ast-page-background-enabled":"default","ast-page-background-meta":{"desktop":{"background-color":"","background-image":"","background-repeat":"repeat","background-position":"center center","background-size":"auto","background-attachment":"scroll","background-type":"","background-media":"","overlay-type":"","overlay-color":"","overlay-opacity":"","overlay-gradient":""},"tablet":{"background-color":"","background-image":"","background-repeat":"repeat","background-position":"center center","background-size":"auto","background-attachment":"scroll","background-type":"","background-media":"","overlay-type":"","overlay-color":"","overlay-opacity":"","overlay-gradient":""},"mobile":{"background-color":"","background-image":"","background-repeat":"repeat","background-position":"center center","background-size":"auto","background-attachment":"scroll","background-type":"","background-media":"","overlay-type":"","overlay-color":"","overlay-opacity":"","overlay-gradient":""}},"ast-content-background-meta":{"desktop":{"background-color":"var(--ast-global-color-5)","background-image":"","background-repeat":"repeat","background-position":"center center","background-size":"auto","background-attachment":"scroll","background-type":"","background-media":"","overlay-type":"","overlay-color":"","overlay-opacity":"","overlay-gradient":""},"tablet":{"background-color":"var(--ast-global-color-5)","background-image":"","background-repeat":"repeat","background-position":"center center","background-size":"auto","background-attachment":"scroll","background-type":"","background-media":"","overlay-type":"","overlay-color":"","overlay-opacity":"","overlay-gradient":""},"mobile":{"background-color":"var(--ast-global-color-5)","background-image":"","background-repeat":"repeat","background-position":"center center","background-size":"auto","background-attachment":"scroll","background-type":"","background-media":"","overlay-type":"","overlay-color":"","overlay-opacity":"","overlay-gradient":""}}},"categorie-projecten":[32],"class_list":["post-5535","projecten","type-projecten","status-publish","has-post-thumbnail","hentry","categorie-projecten-gewassen"],"acf":[],"_links":{"self":[{"href":"https:\/\/www.pvl-vzw.be\/fr\/wp-json\/wp\/v2\/projecten\/5535","targetHints":{"allow":["GET"]}}],"collection":[{"href":"https:\/\/www.pvl-vzw.be\/fr\/wp-json\/wp\/v2\/projecten"}],"about":[{"href":"https:\/\/www.pvl-vzw.be\/fr\/wp-json\/wp\/v2\/types\/projecten"}],"version-history":[{"count":8,"href":"https:\/\/www.pvl-vzw.be\/fr\/wp-json\/wp\/v2\/projecten\/5535\/revisions"}],"predecessor-version":[{"id":8195,"href":"https:\/\/www.pvl-vzw.be\/fr\/wp-json\/wp\/v2\/projecten\/5535\/revisions\/8195"}],"wp:featuredmedia":[{"embeddable":true,"href":"https:\/\/www.pvl-vzw.be\/fr\/wp-json\/wp\/v2\/media\/5536"}],"wp:attachment":[{"href":"https:\/\/www.pvl-vzw.be\/fr\/wp-json\/wp\/v2\/media?parent=5535"}],"wp:term":[{"taxonomy":"categorie-projecten","embeddable":true,"href":"https:\/\/www.pvl-vzw.be\/fr\/wp-json\/wp\/v2\/categorie-projecten?post=5535"}],"curies":[{"name":"wp","href":"https:\/\/api.w.org\/{rel}","templated":true}]}}

<div data-elementor-type="wp-post" data-elementor-id="5535" class="elementor elementor-5535" data-elementor-post-type="projecten">
				<div class="elementor-element elementor-element-38dc9df e-flex e-con-boxed e-con e-parent" data-id="38dc9df" data-element_type="container" data-e-type="container">
					<div class="e-con-inner">
				<div class="elementor-element elementor-element-c8dd2da elementor-widget elementor-widget-text-editor" data-id="c8dd2da" data-element_type="widget" data-e-type="widget" data-widget_type="text-editor.default">
				<div class="elementor-widget-container">
									<p>La campagne est décrite comme une "zone rurale" ou une zone où alternent villages, champs, terres arables, prairies et nature. Ce qui rend la campagne unique, c'est sa biodiversité, qui est nettement moins présente dans les zones urbanisées. Cette biodiversité est extrêmement importante pour notre environnement, l'agriculture et l'expérience rurale. Dans ce contexte, les mauvaises herbes deviennent un problème de plus en plus difficile à résoudre. Les mauvaises herbes typiques telles que le knolcyperus, le pommier épineux, la renouée du Japon, la berce du Caucase et la berce du Caucase dépassent souvent les autres plantes indigènes ou sont même toxiques et représentent un danger direct pour l'homme et l'animal.</p>
<p>Malgré la grande influence qu'elles peuvent avoir, il y a encore beaucoup d'ignorance et souvent un manque de connaissances pour faire la distinction entre les plantes qui ne posent pas de problème et celles dont le contrôle est hautement nécessaire. Le fait que l'élimination de certaines plantes nécessite également une protection personnelle supplémentaire est également méconnu.</p>
<p>La lutte elle-même n'est pas toujours évidente. Les efforts nécessaires pour contenir davantage les problèmes futurs sont énormes et requièrent la coopération de tous ceux qui participent à la vie des zones rurales. Cependant, la manière dont le problème est abordé sera différente (manuelle/machine, avec ou sans produits phytopharmaceutiques, ...).<br>Avec ce projet, nous voulons prendre une initiative importante et faire un maximum d'efforts pour que, collectivement, ces mauvaises herbes problématiques restent gérables. Par conséquent, en mettant en place une campagne destinée à trois groupes cibles différents, l'objectif est d'accroître les connaissances et de sensibiliser aux dangers afin de mettre en place des actions sur le terrain.</p>
<p>Un premier groupe cible est constitué par les particuliers qui ne sont pas toujours conscients du problème mais qui font souvent preuve d'un grand engagement en faveur de la biodiversité (p. ex. prairie fleurie, ne pas faucher le mois de mai, ...). En les sensibilisant aux mauvaises herbes problématiques et en les mobilisant pour qu'ils les éliminent correctement de leur jardin, nous tentons déjà de prendre des mesures importantes pour empêcher risico􀍛s de se propager.</p>
<p>Le deuxième groupe cible comprend les services verts, les entreprises horticoles et les organisations de protection de la nature. Il s'agit d'acteurs importants qui contribuent à façonner notre paysage. Ils travaillent dans toute la région et entretiennent de plus grandes surfaces que les particuliers. Avec de l'expertise, ils peuvent donc faire une réelle différence. L'objectif principal de ce groupe cible est de les alerter sur les conséquences des mauvaises herbes problématiques et d'obtenir un contrôle ciblé.<br>En outre, l'attention portée à la protection personnelle n'est certainement pas négligeable.</p>
<p>Le troisième groupe cible est celui des agriculteurs. Leurs activités dans les champs ont pour but d'être et de rester économiquement rentables. Naturellement, une bonne qualité du sol et un minimum de facteurs réduisant le rendement jouent un rôle important à cet égard. L'un de ces facteurs est<br>(problème) qui non seulement affectent le rendement mais peuvent aussi avoir un impact sur la santé du bétail. En outre, le gouvernement a décrit les conditions concernant&nbsp;<span style="text-align: var(--text-align);">certaines mauvaises herbes à problème (par exemple, interdiction des cultures de tubercules et de bulbes en cas d'infection par le virus de l'hépatite C)&nbsp;</span><span style="font-style: inherit; font-weight: inherit; text-align: var(--text-align);">tuber cyperus) et aussi certains acheteurs (par exemple pour les légumes) imposent des exigences à la parcelle qui font que le produit n'est pas disponible pour la vente.&nbsp;</span><span style="font-style: inherit; font-weight: inherit; text-align: var(--text-align);">la présence de certaines mauvaises herbes problématiques peut entraîner l'annulation de la culture.<br></span><span style="font-style: inherit; font-weight: inherit; text-align: var(--text-align);">Ainsi, le nombre de cultures pouvant être incluses dans une rotation de cultures diminuera également.&nbsp;</span><span style="font-style: inherit; font-weight: inherit; text-align: var(--text-align);">entraîne une diminution de la biodiversité.<br></span><span style="font-style: inherit; font-weight: inherit; text-align: var(--text-align);">Les travaux intensifs du sol et la dispersion des parcelles dans une exploitation agricole&nbsp;</span><span style="font-style: inherit; font-weight: inherit; text-align: var(--text-align);">augmente toutefois de manière significative la probabilité de propagation. Plus précisément, pour Haspengouw, le Sud-Est est le suivant&nbsp;</span><span style="font-style: inherit; font-weight: inherit; text-align: var(--text-align);">knolcyperus une adventice qui nécessite d'urgence plus d'attention et donc des moyens supplémentaires.&nbsp;</span><span style="font-style: inherit; font-weight: inherit; text-align: var(--text-align);">mis en exergue. Nous nous efforçons donc d'éviter la propagation, d'améliorer la qualité de l'air et de réduire les émissions de gaz à effet de serre.&nbsp;</span><span style="font-style: inherit; font-weight: inherit; text-align: var(--text-align);">inventaire des problèmes au niveau de la parcelle et une&nbsp;</span><span style="font-style: inherit; font-weight: inherit; text-align: var(--text-align);">Suppression/contrôle du cyperus tuber dans les champs.</span></p>
<p><span style="font-style: inherit; font-weight: inherit; text-align: var(--text-align);">Souvent, la zone où le problème d'une (ou de plusieurs) mauvaise(s) herbe(s) semble se situer est la suivante&nbsp;</span><span style="font-style: inherit; font-weight: inherit; text-align: var(--text-align);">se manifeste de manière si importante qu'il est impossible de l'inventorier à l'œil nu. C'est le cas dans les&nbsp;</span><span style="font-style: inherit; font-weight: inherit; text-align: var(--text-align);">En particulier pour les zones où les agriculteurs, les services verts, les entreprises horticoles et les entreprises d'élevage sont présents.&nbsp;</span><span style="font-style: inherit; font-weight: inherit; text-align: var(--text-align);">Les organisations de protection de la nature sont actives. Nous aimerions leur présenter les possibilités offertes par&nbsp;</span><span style="font-style: inherit; font-weight: inherit; text-align: var(--text-align);">de la technologie des drones. En plus d'évaluer rapidement une grande zone, il peut ,&nbsp;</span><span style="font-style: inherit; font-weight: inherit; text-align: var(--text-align);">après traitement des images, une carte indiquant les zones à problèmes peut être obtenue. Cela permet de&nbsp;</span><span style="font-style: inherit; font-weight: inherit; text-align: var(--text-align);">permettent de travailler de manière très ciblée selon la "meilleure technique disponible".&nbsp;</span><span style="font-style: inherit; font-weight: inherit; text-align: var(--text-align);">techniques de contrôle courantes (par exemple, les produits phytosanitaires) en tant qu'innovation.&nbsp;</span><span style="font-style: inherit; font-weight: inherit; text-align: var(--text-align);">(par exemple, le vapotage), une carte des tâches spécifiques au site est fournie avec les coordonnées GPS.&nbsp;</span><span style="font-style: inherit; font-weight: inherit; text-align: var(--text-align);">qui minimise son impact sur l'environnement.</span></p>								</div>
				</div>
					</div>
				</div>
				</div>
